*h - 74, 2*j - 4*h - s = 0. Calculate the greatest common factor of 28 and j.
28
Suppose 5 = -3*i - 5*w, 3*w - 4 = 7*w. Let h be i + (-1 - -1)/3. Suppose -32 = -2*r - h*r. Calculate the highest common factor of r and 16.
16
Suppose 12 = 3*a + 3*h, 3*h + 23 = 3*a - 7. Let o be -1 - 0 - (-13 - 3). Let p = o + 6. Calculate the highest common factor of p and a.
7
Let s = -123 + 193. What is the highest common divisor of s and 10?
10
Let j = 59 + -108. Suppose 3*b - 39 = -111. Let g = b - j. Calculate the highest common factor of 5 and g.
5
Let d be 4/6*(3 + 3). What is the highest common divisor of 4 and d?
4
Suppose 6*a - 4*a + 28 = 0. Let n be (-6)/a - 76/14. Let f(q) = -9*q. Let v be f(n). Calculate the highest common divisor of 9 and v.
9
Let l = 20 - 16. Calculate the highest common factor of l and 32.
4
Let x be 2 + (13 + -2 - (2 - 1)). What is the greatest common factor of 4 and x?
4
Suppose 4*w = 2*w + 14. Let l(s) = -67*s + 7. Let h be l(w). Let r be (-1)/4 - h/24. Calculate the highest common divisor of 95 and r.
19
Let n(x) = 4*x + 2. Let o be n(2). Suppose -112 = h - 2*h. Let w = -42 + h. What is the greatest common factor of o and w?
10
Let r = 40 + -22. Calculate the greatest common divisor of r and 36.
18
Suppose -l - 2*x = -4*l + 106, 2*x + 74 = 2*l. What is the greatest common divisor of l and 48?
16
Suppose 0 = -d + 2*d - 2. Let n be d/(-8) - 63/4. Let z = n + 22. Calculate the highest common factor of 4 and z.
2
Suppose 0 = 2*l - 619 - 117. Calculate the highest common divisor of 46 and l.
46
Let f = 58 + -39. What is the highest common divisor of f and 209?
19
Let i = 117 - 271. Let t be (5 - 1)*i/(-56). Let w = -17 - -28. What is the greatest common factor of w and t?
11
Let p = -7 + 11. Suppose -6 = -p*l - 2*f + 42, 3*f = 4*l - 28. What is the highest common factor of 50 and l?
10
Suppose 3*l + 9 = 0, -35 = 4*m - 6*m + 3*l. What is the highest common divisor of 39 and m?
13
Suppose 15 = u + 5*w - 2*w, -5*w = -20. Let o be ((-28)/6)/((-6)/9). Suppose -u*k - 64 = -o*k. Calculate the greatest common divisor of k and 8.
8
Let h(p) be the second derivative of p**4/12 + 2*p**3/3 - 3*p**2/2 - 5*p. Let z be h(5). Calculate the highest common divisor of z and 28.
14
Suppose 4 = 5*q + w - 3, -3*w - 5 = 2*q. What is the greatest common divisor of q and 3?
1
Suppose 0 = 4*p - 5*r - 39, 2*p + 0*p + 3*r - 47 = 0. What is the greatest common divisor of p and 16?
16
Suppose 3*y = -2*u + 30, -12 = -2*y - 2*u - 2*u. What is the highest common factor of 3 and y?
3
Let h be (-140)/(-6) - (-13)/(273/14). Calculate the highest common factor of 12 and h.
12
Let r = 234 + -34. Calculate the highest common factor of r and 40.
40
Let j = -22 - -70. Suppose 3*n + j = -n. Let m = 23 + n. Calculate the highest common factor of m and 11.
11
Let c be 1 + 0 + 3 + 1. Suppose 0 = -2*k - 4 - 6, 0 = c*w + 3*k - 95. Suppose -w = -4*t - 2. Calculate the greatest common factor of 1 and t.
1
Suppose -3*v - 11 = -113. Let a = v + 16. Calculate the greatest common divisor of a and 20.
10
Let x(w) = -6 + 9*w**2 - w**2 - 3*w**3 + 3*w**3 - 4*w - w**3. Let j be x(7). Let y = 25 + -10. What is the greatest common factor of y and j?
15
Let m = -33 - -37. Calculate the highest common factor of 8 and m.
4
Let r = 47 - 33. What is the greatest common divisor of 154 and r?
14
Let c be (24/(-9))/((-6)/9). Suppose l + c*u - 10 = -l, -5*l - 2*u + 49 = 0. Calculate the highest common divisor of l and 22.
11
Let i = 114 - 46. Calculate the greatest common factor of 51 and i.
17
Let v be 8*(-4)/(-8)*6/12. What is the greatest common divisor of 10 and v?
2
Let k be (-2)/(-3) + 31/3. Let s be -2 + 0 + 611/1. Suppose s = -3*h + 8*h + t, -5*h = 3*t - 617. What is the greatest common factor of h and k?
11
Let q be 4 + (14 - (3 + -1)). Calculate the highest common divisor of 80 and q.
16
Let u(n) = -2*n**3 - 2*n**2 + 3*n + 2. Let m be u(-2). Suppose 9*p = m*p. Suppose p = 2*b - 62 - 2. What is the highest common factor of b and 8?
8
Let s = -122 - -182. Calculate the greatest common divisor of s and 80.
20
Suppose -m = -3*h - 4*m + 114, 4*m = -5*h + 186. Calculate the highest common divisor of h and 51.
17
Let c be (-2708)/(-6) - (-4)/(-12). Suppose 3*k + 0*d - c = -2*d, 613 = 4*k + 5*d. Calculate the greatest common factor of k and 21.
21
Let n = 2 + -2. Suppose 2*x + x + 36 = n. Let w = x - -26. Calculate the greatest common divisor of w and 70.
14
Suppose -3*p = -8*p + 420. What is the greatest common factor of 12 and p?
12
Let p be -2 + 1 + 108 + 1. What is the highest common factor of 12 and p?
12
Suppose -7*z + 18 + 87 = 0. Calculate the greatest common factor of z and 135.
15
Let q(s) = -s - 3. Let m be q(-7). Suppose o - m*o + 36 = 0. What is the greatest common divisor of o and 84?
12
Let c = 0 - 2. Let r be (-41)/(-1) + c + 1. Let f be -1 + 1 + (9 - -1). Calculate the highest common divisor of r and f.
10
Let m = 21 - -4. Calculate the greatest common divisor of m and 175.
25
Let c = 144 + -96. Let u = 31 - 8. Suppose -5*n = y + y - 57, 3*y - u = 5*n. What is the greatest common factor of y and c?
16
Suppose 2 = 2*b - 6. Let o be -4 + 26 + -4 + 2. What is the highest common divisor of b and o?
4
Let n(g) = g + 7. Let m be n(6). Let s = 31 + 21. Suppose -2*u - s + 260 = 0. Calculate the greatest common divisor of m and u.
13
Suppose -7*y + 8 = -3*y. Calculate the highest common divisor of y and 10.
2
Let m be 10/(-1 + (5 - 2)). What is the greatest common factor of 35 and m?
5
Let z(r) = 23*r**3 - 2*r**2 + 1. Let s be z(1). What is the greatest common factor of 440 and s?
22
Suppose 2 = -z + 5. Suppose -z*m + 27 = 3*k, -2*m + 8 = k - 8. What is the highest common divisor of 7 and m?
7
Suppose 4*t - w - 36 = 0, 0*w = -t + 4*w + 9. Let j(q) = -q**3 + 9*q**2 + 5*q + 11. Let p be j(t). What is the highest common divisor of p and 7?
7
Let t(c) = -c**3 - 8*c**2 - 7*c + 1. Let g be t(-7). What is the greatest common divisor of 1 and g?
1
Suppose 3*z + 25 = 5*u, 0 = -4*u - u - 3*z - 5. Let n = 53 + -33. Let i = n + -12. What is the highest common divisor of i and u?
2
Let y be (-12)/20 - (-88)/5. What is the highest common factor of y and 85?
17
Suppose -5*n + 61 = -54. Suppose -5*d - 112 - n = 0. Let z = d + 99. What is the greatest common factor of 8 and z?
8
Let w be 2/(-2 - (-5 + 1)). Suppose 2*y - 4*y + 10 = 0. Calculate the greatest common factor of y and w.
1
Let y be (-1 + 2)*(-5 + 6). Calculate the highest common divisor of 5 and y.
1
Let k(i) = -i + 1. Let t be k(-8). Let x be (1 - (-11)/(-2))*2. Let g(y) = -y**2 - 10*y. Let b be g(x). Calculate the highest common divisor of b and t.
9
Let v = -8 + 40. Let d(t) = t + 2. Let x be d(6). What is the greatest common divisor of x and v?
8
Suppose 2 = -2*q + 3*q. Let u be 0 + (-26 - q - -3). Let d = -15 - u. Calculate the highest common divisor of 10 and d.
10
Suppose -3*y + 558 = -y. Calculate the highest common divisor of y and 31.
31
Suppose 3*k - 3*i - 81 = -0*i, -2*k + 3*i + 49 = 0. What is the greatest common factor of 4 and k?
4
Suppose w - 30 - 9 = 0. Let t = w - 15. Calculate the highest common factor of t and 6.
6
Suppose 0 = 7*r - 41 + 6. Let j(a) = -5*a**3 - a**2 - 3*a - 2. Let n be j(-2). Calculate the greatest common divisor of n and r.
5
Let c(z) = z**3 - 6*z**2 - 41*z + 20. Let a be c(10). Suppose 4*n = u + 158, 4*u = -n + 2*n - 32. What is the greatest common factor of a and n?
10
Suppose -2*g = -3*g + 2*z + 19, 0 = 3*z - 15. Let h = g + -18. What is the highest common divisor of 55 and h?
11
Suppose -4*m = 3*x - 625 + 201, -2*x = -5*m - 275. Suppose 8*l - x = 3*l. Suppose -v - 4 + 46 = 0. What is the greatest common factor of v and l?
14
Suppose 5*f = -4*o + 470, f + f + o = 191. What is the greatest common divisor of f and 14?
14
Suppose 0*h = 4*n - 4*h - 24, 0 = 5*n - 4*h - 27. Let t be n - (213/(-3) - -2). What is the highest common factor of 8 and t?
8
Suppose -7 = -3*i + 59. Let s(u) = u**2 + 4*u - 5. Suppose -z - 3*b + 8 - 18 = 0, -b + 10 = -z. Let q be s(z). Calculate the highest common divisor of q and i.
11
Suppose 4*w - 3*i + 18 = -i, 2*w - 4*i + 24 = 0. Let q = w - -5. What is the greatest common factor of 15 and q?
3
Let t = 32 + 1. What is the greatest common divisor of 22 and t?
11
Let s = -6 - 0.